e units digit of u(6)?
8
Suppose -2*d = -892 - 300. Suppose -d = -10*c + 564. What is the hundreds digit of c?
1
Let l be (3 - 0 - (-115)/(-23))*2. Let t(h) = -77*h + 8. What is the tens digit of t(l)?
1
Let n = 704 + -695. Let b(d) = -d**3 + 9*d**2 + 23*d - 19. Let v(x) = x**2 - 1. Let i(y) = -b(y) + 6*v(y). What is the tens digit of i(n)?
9
Let b(n) = -n**3 - 39*n**2 - 83*n + 176. What is the thousands digit of b(-40)?
5
Suppose -h = -4*w - 7717, 20*h - 18*h = -4*w + 15422. What is the hundreds digit of h?
7
Suppose 5*a + 2*q - 3900 = a, 4*a - 2*q = 3884. Suppose -2384 - a = -9*o. What is the units digit of o?
3
Let z be 8/(-12) - 107/(-3). What is the units digit of (8491/z)/((-2)/(-10))?
3
What is the ten thousands digit of (31220/(-420))/((-1407)/702 - -2)?
1
Suppose -37*g - 191105 = -876271. What is the thousands digit of g?
8
Let t = 5857 + 2356. What is the hundreds digit of t?
2
What is the ten thousands digit of (11476/(-3))/(59/(-177))?
1
Suppose 38 + 50 = -3*d + j, -4*j = -3*d - 73. Let o = d + 25. What is the units digit of (4/12*13)/((-2)/o)?
3
Suppose 0 = -16*x + 71129 - 9936 + 26359. What is the thousands digit of x?
5
Suppose -5 = z - 11. Suppose 3*j = 136 + 245. Let h = j + z. What is the units digit of h?
3
Let a be (-5)/(55/(-748)) + -1*5. What is the hundreds digit of (-3)/((-81)/(-6)) + 35546/a?
5
Let j(d) = -11*d**2 - d - 1. Let t(u) = -u**2 + u. Let y(a) = -3*j(a) + 12*t(a). What is the units digit of y(-4)?
9
Suppose -9 = -4*c - 1. Suppose -3*k + 137 = 3*i - i, 4*k = c*i + 206. What is the tens digit of k?
4
Let n(z) = 124*z**2 - 30*z - 122. What is the tens digit of n(11)?
5
Suppose 16*b = -8*b. Suppose b = -24*z + 388 + 8876. What is the units digit of z?
6
Let z be (-6 - (-1)/(-3))/((-1)/3). Suppose 7*v = -19 + z. Suppose 580 = 4*k - 2*i, v = -2*k - 0*k + 2*i + 292. What is the units digit of k?
4
Let b(v) = -v**2 - 4 - v + 13 - 2 + 3*v. Let w be b(3). Suppose 0 = -w*a - 3*d + 5*d + 270, 0 = -5*a - d + 348. What is the units digit of a?
9
What is the thousands digit of 1140/38*2412/8?
9
Let b(h) = 7*h**3 + 2*h**2 + 84*h - 71. What is the thousands digit of b(17)?
6
Let i be 1*(6 - (-1 - -7)). Let h(s) = s**3 - s**2 + 5*s + 153. What is the tens digit of h(i)?
5
Suppose 6*c = 8*c + 376. Let u be (c/10)/(18/(-45)). What is the tens digit of -4 + (u - (2 + 0))?
4
Let s = -160 + 160. Suppose 2079 = 9*l - s*l. What is the hundreds digit of l?
2
Let v(g) = 1 + 6*g - 1 + 9. Let u(k) = k**3 - 7*k**2 - 5*k - 22. Let i be u(8). What is the tens digit of v(i)?
2
Let x = 4633 - -15623. What is the thousands digit of x?
0
Suppose 0 = 26*m - 27373 - 60871. What is the hundreds digit of m?
3
Suppose -7*m + 5298 + 883 = 0. Suppose m + 77 = 2*y. What is the units digit of y?
0
Let j(o) = -427*o - 125. Let z be j(-13). Suppose -15824 = -17*i + z. What is the hundreds digit of i?
2
Suppose -2*x + 5*h - 2*h = -10129, x - 5063 = h. What is the hundreds digit of x?
0
Let x be ((-2)/(-3))/2*30. Let n be (-728)/35 + 5 + (-2)/x. What is the units digit of (4 + n/3)/((-2)/108)?
2
Suppose -2*k + 12292 = -2*t, 54*k = 58*k + t - 24604. What is the thousands digit of k?
6
Suppose 0 = -2*u + 5 - 11, 5*z - 2*u = 2556. What is the hundreds digit of z?
5
Suppose 5*t = 2*l + 60, 18 + 17 = 4*t + l. Suppose -m + t = -0*p - 2*p, 0 = -m - 2*p + 6. Suppose 4*z + 0 - m = 0, 2*i - 5*z = 20. What is the tens digit of i?
1
Let c be ((0/4)/2)/2. Suppose -4*q - 7 - 13 = c. What is the units digit of (-312)/q - (-5)/((-125)/10)?
2
Let s = 4101 - 335. What is the thousands digit of s?
3
Let j(t) = 12 - 13*t**3 - 8*t**2 - 35 + 41*t - 19 - 18. Let k(i) = -3*i**3 - 2*i**2 + 10*i - 15. Let n(c) = 2*j(c) - 9*k(c). What is the units digit of n(5)?
0
Let p = 144 - 138. What is the tens digit of 0 - (p + -1860) - 3?
5
Suppose 0 = -0*k + k - 4. Suppose k*i - 3*m = 2*m + 21, -2*m + 6 = 0. Let n(d) = 2*d**2 - 10*d + 1. What is the units digit of n(i)?
3
Let u = -268 - -328. Suppose -u*y + 55614 = -14*y. What is the units digit of y?
9
Let f(w) = 396*w**2 + 63*w - 13. Let j be f(14). What is the tens digit of 8/6 + j/165?
7
Let k = 7608 - 7378. What is the tens digit of k?
3
Let p(k) = -3*k**3 + 43*k**2 - 15*k + 31. What is the units digit of p(12)?
9
Let x = 93 - 91. What is the hundreds digit of 2 - x/1 - (-328 + 4)?
3
Let c(i) = -i**3 - 57*i**2 + 146*i + 315. What is the tens digit of c(-60)?
5
Suppose -18958 = -x + 4*m, 15*m = 5*x - 39251 - 55524. What is the ten thousands digit of x?
1
Let g(a) = 23*a**2 + 16*a - 27. Let b be g(-8). Let d = b + -363. What is the units digit of d?
4
Suppose -105 = 5*g + 5*k, -2*g - 2*g - 84 = 3*k. Let c = 31 + g. Let f = c - -13. What is the tens digit of f?
2
Let t = -213 - -219. Let n(v) = 5*v**3 - 13*v**2 - 2*v + 8. What is the tens digit of n(t)?
0
Let j = 14676 + -6106. What is the thousands digit of j?
8
Let m(q) = 204*q**2 - 255*q + 2372. What is the ten thousands digit of m(9)?
1
Let r(l) be the third derivative of l**4/12 + 10*l**3/3 + 7*l**2. Let z be r(-12). What is the units digit of 12*-1*(14/z - -3)?
6
Let b = 237 - 222. Suppose b*j = -7*j + 14344. What is the units digit of j?
2
Let d(q) = -3*q**3 + 68*q**2 + 26*q - 73. What is the hundreds digit of d(22)?
4
Suppose -65381 = -15*m + 31204. What is the tens digit of m?
3
Let f(y) = 418*y**3 - 4*y**2 + 72*y - 245. What is the ten thousands digit of f(4)?
2
Suppose -12*f = 18*f - 120. Suppose 8*u - 2050 = f*u + 5*b, 1012 = 2*u + 4*b. What is the tens digit of u?
1
Suppose 5*a + 7145 = s, -12*a = s - 10*a - 7187. What is the tens digit of s?
7
Let i = 280 - 191. Let l(q) = q**3 + 3*q**2 - 6*q - 5. Let w be l(6). Let d = w - i. What is the tens digit of d?
9
Suppose -24*s + 26*s = 4*y - 11098, 5*y = 2*s + 13870. What is the tens digit of y?
7
Let k(c) = c**3 + 15*c**2 - 13*c - 322. What is the units digit of k(16)?
6
Suppose -y - 4*d - 4 = -28, d - 5 = 0. Suppose 0 = -y*o + 4*f - 0*f - 112, -2*f = 3*o + 94. Let a = -18 - o. What is the tens digit of a?
1
Let d = 31 - 28. Suppose 4*z - 3*z = -2*a + 65, a - d = 0. Let p = -58 + z. What is the units digit of p?
1
Let w = 9700 + -5268. What is the units digit of w?
2
Let v(x) = 0 + 40*x - 10 - 5 + 2*x. What is the units digit of v(10)?
5
Suppose -3*l + 5348 + 4726 = -3*w, 4*w - 3403 = -l. What is the hundreds digit of l?
3
Let m = 1501 - 3495. What is the hundreds digit of (-25)/(-30) + m/(-12)?
1
Suppose -15*n + 11*n = 5*u - 12265, -9823 = -4*u - n. What is the hundreds digit of u?
4
Suppose -3*h - 84 = -9*h. What is the tens digit of 7 - h - (-4035)/3?
3
Let q(p) = -p**3 - 21*p**2 - 21*p - 15. Let d be q(-20). Suppose -d*x = -13 - 7. What is the tens digit of (-8)/(-1)*47/x?
9
Let o(h) = h**2 - 27*h + 28. Let y be o(26). Suppose -3*k + 1307 = -4*s, k + 159 = y*s + 594. What is the tens digit of k?
3
Let f(v) = 51*v - 113. Let n(z) = 102*z - 223. Let u(a) = -5*f(a) + 2*n(a). What is the tens digit of u(-8)?
2
Suppose 54*g = 76*g - 44. What is the hundreds digit of (g/4)/(11/12782)?
5
Suppose 2*p + 4 = 0, s + p - 54 = 35. Suppose 2*k = 173 + s. What is the tens digit of ((-8)/(128/k))/((-1)/12)?
9
Let p(c) = 8*c - 26. Let g be p(5). Suppose g - 6 = 4*k. Suppose -4*u + 272 = -3*m, -k*u - 3*m = -3*u + 77. What is the tens digit of u?
6
What is the thousands digit of (226495/10 + -4)/((-12)/(-8))?
5
Let n = -148 - -124. What is the units digit of (53/(-5))/(n/120)?
3
Let u(c) = c**3 + 3*c**2 + 3*c + 36. What is the hundreds digit of u(26)?
7
Suppose a - 4*c = -1211, 2*a + c + 2392 = 3*c. Let z = a - -1719. What is the tens digit of z?
2
Suppose 27091*i = 27088*i + 168018. What is the units digit of i?
6
Suppose 177*k = -899820 + 1586678 + 1702465. What is the thousands digit of k?
3
Let y = -343 - -311. What is the hundreds digit of (22/(-6))/(y/1824)?
2
Let j = 4809 - 3169. Suppose 0 = 205*o - 200*o - j. What is the tens digit of o?
2
Let f(a) = a**2 - 4*a - 13. Let w be f(7). Suppose -w*b + 6*b = -354. What is the units digit of b?
7
Suppose 0 = -7*c - 5900 + 17422. Suppose 0 = 3*w - 5*w + c. What is the hundreds digit of w?
8
Suppose 66 = 37*w - 82. Suppose 0 = c + w*c - 570. What is the hundreds digit of c?
1
Let f = 50185 + -1376. What is the units digit of f?
9
Suppose -3*n = -a - 4*a + 80, 5*n + 3*a + 156 = 0. Let y(w) = -